e remainder when 178 is divided by g?
17
Suppose -2*k - 19 = -h, 9*h - 13*h = -2*k - 82. What is the remainder when 167 is divided by h?
20
Let b(k) = 2*k**2 + 19*k - 32. What is the remainder when 83 is divided by b(-12)?
27
Suppose 762 = 20*g - 638. What is the remainder when g is divided by 9?
7
Let m = -1084 - -1346. What is the remainder when m is divided by 33?
31
Let g(t) = t + 14. Let k be g(-9). Suppose 5*v + 2*w - 110 = v, k*v - 136 = -w. Let r = -16 - -26. Calculate the remainder when v is divided by r.
7
Let p(s) = s**3 - 12*s**2 + 2*s - 15. What is the remainder when p(12) is divided by 5?
4
Let w = 695 + -606. What is the remainder when w is divided by 35?
19
Calculate the remainder when 252 is divided by 357/(6 - 13)*-1.
48
Suppose 12*n = 208 - 89 + 73. Let y(u) = 31*u + 1. Calculate the remainder when y(2) is divided by n.
15
Let k(w) = w**3 + 4*w**2 - w + 1. Let y be k(-4). Let i = 18 - y. Suppose 0 = -m - 4*g + 15, -4*m - 3*g = -34. Calculate the remainder when i is divided by m.
6
Let h = -336 + 362. Suppose 0 = 7*i - 2*i + 5. Let k = i + 8. What is the remainder when h is divided by k?
5
Let g = -69 - -74. Suppose g*s = 174 - 44. Calculate the remainder when s is divided by -2 - -1 - 20/(-2).
8
Let a = 112 - 40. What is the remainder when 303 is divided by a?
15
Let m be ((-5)/10)/(-2 - (-30)/16). Suppose 16 = -3*p + 4*p + m*q, 5*q + 64 = 4*p. What is the remainder when 63 is divided by p?
15
Let s(a) = a**2 + 2*a - 2. Suppose -21 = 5*r + 2*z, -1 = r + z + 5. Let v be s(r). Let j = v - -4. Calculate the remainder when 8 is divided by j.
3
Suppose -184 = -12*w + 14*w. Let c = -34 - w. What is the remainder when c is divided by 23?
12
Suppose -4*d = 19*w - 16*w - 318, d = 4*w + 89. Calculate the remainder when d is divided by 51.
30
Let z be 1*(-1 - -1 - -1). What is the remainder when 12/3*z/2 is divided by (1 - 14/21)*(-12)/(-4)?
0
What is the remainder when 107 is divided by -2*(-15)/40*72?
53
Let c(o) be the second derivative of o**5/20 - 17*o**4/12 - o**3/3 + 21*o**2 + 2*o + 2. Calculate the remainder when 71 is divided by c(17).
7
Suppose 4*n = -5824 + 1184. Suppose 0*h + 36 = 3*h - 4*f, -2*h + 5*f + 24 = 0. What is the remainder when (-6)/15 - n/25 is divided by h?
10
Let q(v) = -17*v. Let c be q(-5). Let r = 13 + c. Suppose 3*x - 118 = -3*f + r, -2*f = x - 148. What is the remainder when f is divided by 13?
11
Suppose -3*r - 4*q = -113 - 80, r = -q + 66. What is the remainder when r is divided by (-1 - -2)*(17 - 2)?
11
Let n = -1202 - -1294. Calculate the remainder when n is divided by 42.
8
Let w(y) = y**3 + 8*y**2 + 1. Let f(j) = -j**2 - 11*j - 5. Suppose 5 = -r - 1. What is the remainder when w(-6) is divided by f(r)?
23
Let q = -49 + 60. Calculate the remainder when (-12)/(-3) + 88 + -5 is divided by q.
10
Suppose 5*k - 11 = v + 7, -4*k + 9 = v. What is the remainder when -78*(-4)/24*k is divided by 7?
4
Suppose 0 = -2*o - 5*s - 2 + 46, -s = 4*o - 124. What is the remainder when 125 is divided by o?
29
Calculate the remainder when (-112)/(-280) + -151*(-16)/10 is divided by 81.
80
Let w = 87 + 49. Suppose 73*u = 77*u - w. What is the remainder when u is divided by 9?
7
Suppose 40 = y - 14. What is the remainder when 159 is divided by y?
51
Let a = -4675 - -4683. Suppose -18 = -u + 3*j, -2*u - 37 = -4*u + 5*j. Calculate the remainder when u is divided by a.
5
Let g(r) = 2 + 167*r + r**3 - 4*r**2 + 3*r**2 - 170*r. Calculate the remainder when 43 is divided by g(3).
10
Let a = -1919 + 1995. Calculate the remainder when 229 is divided by a.
1
Let x(v) = 6*v - v**2 + v**2 + 7 + 11*v**2 + v**3 - 4*v**2. Calculate the remainder when 89 is divided by x(-6).
5
Let f(w) = w**2 + w + 42. Suppose 124*b - 660 = 120*b. Suppose 0 = 17*p - 90 - b. Calculate the remainder when f(0) is divided by p.
12
Let m = 17 - 45. Let z = 51 + m. Let s = -18 + 31. Calculate the remainder when z is divided by s.
10
Let u = -27 + 61. Suppose 0 = -u*c + 41*c - 119. What is the remainder when 27 is divided by c?
10
Suppose 5*z - 1 + 11 = 0, -5*o - 2*z = -81. What is the remainder when o is divided by 7?
3
Suppose 0 = 3*h - 2*p - 516, 3*h + 64*p = 67*p + 516. Let n(z) = z**3 + 8*z**2 + 6*z - 1. Calculate the remainder when h is divided by n(-6).
32
Suppose 58*y + 35*y = 5022. Calculate the remainder when 425 is divided by y.
47
Let y(s) = 4*s**2 + 63*s + 70. Let o = -51 + 124. What is the remainder when o is divided by y(-15)?
23
Let w(d) = 2*d**2 + 2*d + 3. Let g = -14 - -12. Suppose 7*m = 5*m + 54. Calculate the remainder when m is divided by w(g).
6
Suppose -442*y = -445*y + 18. What is the remainder when 94 is divided by y?
4
Let b = 28 - 26. Suppose -b*c = -12 + 2. Calculate the remainder when 14 is divided by c.
4
Calculate the remainder when 2/5 + (-63)/(-5) is divided by ((-28)/9*(-33)/44)/(7/6).
1
Suppose 3*b = b + 14. Let c be (-1683)/63 - 2/b. What is the remainder when 10 is divided by (-104)/(-18) + (-6)/c?
4
Let b(r) = 35 + 30 - 36 + 4 - 2*r. Calculate the remainder when b(-14) is divided by 9.
7
Suppose 9*u + y - 58 = 6*u, -60 = -4*u + 3*y. Calculate the remainder when u is divided by 17.
1
Let y(s) = s**2 + 4*s - 67. Let f(k) = -7*k + 4. Calculate the remainder when f(-3) is divided by y(-11).
5
Calculate the remainder when 17 is divided by (3/2)/((-159)/(-1802)).
0
Let p(n) = -n + 3*n**3 - 2*n**2 - 3 - n + 0*n. Suppose -28 = -5*c - 13. Calculate the remainder when p(c) is divided by 14.
12
Let i be 1 - (-86)/(-2 - -4). Calculate the remainder when (5*-1)/(2/(-10)) is divided by (3/2)/(-3) - (-330)/i.
4
Let x(m) = -2*m + 1. Let g be x(-3). Suppose 4*r - 23 = -g. Let d(i) = -i**3 + 4*i**2 + 4*i - 2. Calculate the remainder when 40 is divided by d(r).
12
Let b(s) = -12*s - 289. What is the remainder when 43 is divided by b(-25)?
10
Let x = -24 - -27. Suppose -4*c + 32 = 4*d, 0 = -x*c + 4*d - 5*d + 28. Calculate the remainder when 89 is divided by c.
9
Let o(t) = t**3 - 12*t**2 + 10*t + 14. Let q be o(11). What is the remainder when ((q - 7) + 87)/1 is divided by 21?
20
Let m(g) = -4*g - 2. Let a(q) = 3*q - 1. Let h be a(-1). Calculate the remainder when 25 is divided by m(h).
11
Suppose -2*s + 0*s = -90. Suppose -s = -6*k + 5*k. What is the remainder when k is divided by 24?
21
Suppose -3*c - 25 = -8*c. Let v(o) = -o**3 + 5*o**2 + 3*o - 2. Let i(u) = -u**2 - 9*u + 23. Calculate the remainder when i(-7) is divided by v(c).
11
Suppose -4 - 5 = -3*g, 28 = 5*x + g. Suppose 0 = 3*l - 9, h - x*l + l = 14. Calculate the remainder when 76 is divided by h.
24
Let h = 81 - 5. Calculate the remainder when h is divided by (-16 - -19)/(2*(-6)/(-52)).
11
Let b = 2 - -13. Suppose -2*l = 3*a - 115, 4*l - 228 = -a - 3*a. Calculate the remainder when l is divided by b.
11
Let g(i) = -13*i + 1. Let o = -129 - -133. What is the remainder when g(-1) is divided by o?
2
Let p be 4*3*2/12. Suppose 5*g = -15, -3*s + 33 = -5*g + p*g. What is the remainder when (-20)/((84/9)/(-7)) is divided by s?
7
Let h(p) = -462*p + 2*p**2 + 462*p + 5. Calculate the remainder when h(3) is divided by 14.
9
Suppose -4*i + 492 = -0*i. Calculate the remainder when i is divided by 52/(-8)*-5 + 4/(-8).
27
Let j(g) = 21*g**2. Suppose 4*z - 20 = 0, -18*i + 16*i + 2*z + 240 = 0. Calculate the remainder when i is divided by j(-1).
20
Suppose 0 = 5*t + 19*t - 288. Calculate the remainder when 263 is divided by t.
11
Let t = -497 + 522. Calculate the remainder when -12*(-1 + -2)*2 is divided by t.
22
Let v = -208 - -289. Calculate the remainder when v is divided by 22.
15
Suppose -77*p + 56*p = -6048. What is the remainder when p is divided by 17?
16
Suppose 477 + 11 = 2*i. What is the remainder when i is divided by 13?
10
Suppose -3*q - 5*x + 65 = 3, 2*x = 2. Let j = 91 - 81. Calculate the remainder when q is divided by j.
9
Let c be 7 + (-5 - (-2)/2). Suppose -40 = -2*g + 2*f, 4*f - 2*f + 56 = c*g. Suppose 7 = r - 2. What is the remainder when g is divided by r?
7
Let k = 6 + -3. Suppose 0 = -2*z + 4*s + 29 - 97, -3*z = -4*s + 98. Calculate the remainder when (-8)/(-3) - (z/9 + 3) is divided by k.
0
Let s be (-13)/(13/(-6)) + -2. Suppose -19 = s*a + 5*l, 5*l + 11 = 5*a + 1. What is the remainder when 29 is divided by (a/(-3))/(4/180)?
14
Let v = -26 - -15. Calculate the remainder